[INFO] cloning repository https://github.com/majorz/gl-2d-explore
[INFO] running `Command { std: "git" "-c" "credential.helper=" "-c" "credential.helper=/workspace/cargo-home/bin/git-credential-null" "clone" "--bare" "https://github.com/majorz/gl-2d-explore" "/workspace/cache/git-repos/https%3A%2F%2Fgithub.com%2Fmajorz%2Fgl-2d-explore", kill_on_drop: false }`
[INFO] [stderr] Cloning into bare repository '/workspace/cache/git-repos/https%3A%2F%2Fgithub.com%2Fmajorz%2Fgl-2d-explore'...
[INFO] running `Command { std: "git" "rev-parse" "HEAD", kill_on_drop: false }`
[INFO] [stdout] 820b65e70c131590a4d524d49768b242d4e1e99f
[INFO] building majorz/gl-2d-explore against master#881c1ac408d93bb7adaa3a51dabab9266e82eee8 for issue-85264
[INFO] running `Command { std: "git" "clone" "/workspace/cache/git-repos/https%3A%2F%2Fgithub.com%2Fmajorz%2Fgl-2d-explore" "/workspace/builds/worker-7/source", kill_on_drop: false }`
[INFO] [stderr] Cloning into '/workspace/builds/worker-7/source'...
[INFO] [stderr] done.
[INFO] validating manifest of git repo https://github.com/majorz/gl-2d-explore on toolchain 881c1ac408d93bb7adaa3a51dabab9266e82eee8
[INFO] running `Command { std: "/workspace/cargo-home/bin/cargo" "+881c1ac408d93bb7adaa3a51dabab9266e82eee8" "metadata" "--manifest-path" "Cargo.toml" "--no-deps", kill_on_drop: false }`
[INFO] started tweaking git repo https://github.com/majorz/gl-2d-explore
[INFO] finished tweaking git repo https://github.com/majorz/gl-2d-explore
[INFO] tweaked toml for git repo https://github.com/majorz/gl-2d-explore written to /workspace/builds/worker-7/source/Cargo.toml
[INFO] crate git repo https://github.com/majorz/gl-2d-explore already has a lockfile, it will not be regenerated
[INFO] running `Command { std: "/workspace/cargo-home/bin/cargo" "+881c1ac408d93bb7adaa3a51dabab9266e82eee8" "fetch" "--manifest-path" "Cargo.toml", kill_on_drop: false }`
[INFO] [stderr]     Blocking waiting for file lock on package cache
[INFO] [stderr]  Downloading crates ...
[INFO] [stderr]   Downloaded objc v0.1.5
[INFO] [stderr]   Downloaded gl_generator v0.0.27
[INFO] [stderr]   Downloaded core-graphics v0.1.0
[INFO] [stderr]   Downloaded shared_library v0.1.0
[INFO] [stderr]   Downloaded user32-sys v0.1.1
[INFO] [stderr]   Downloaded winapi-build v0.1.0
[INFO] [stderr]   Downloaded khronos_api v0.0.5
[INFO] [stderr]   Downloaded gl_common v0.0.4
[INFO] [stderr]   Downloaded xml-rs v0.1.25
[INFO] [stderr]   Downloaded gl_generator v0.0.26
[INFO] [stderr]   Downloaded malloc_buf v0.0.5
[INFO] [stderr]   Downloaded glutin v0.2.0
[INFO] [stderr]   Downloaded cgl v0.1.0
[INFO] [stderr]   Downloaded x11-dl v1.0.1
[INFO] [stderr]   Downloaded wayland-kbd v0.1.1
[INFO] [stderr]   Downloaded kernel32-sys v0.1.1
[INFO] [stderr]   Downloaded core-foundation v0.1.0
[INFO] [stderr]   Downloaded winapi v0.1.22
[INFO] [stderr]   Downloaded cocoa v0.1.2
[INFO] [stderr]   Downloaded wayland-client v0.1.8
[INFO] [stderr]   Downloaded gleam v0.1.1
[INFO] [stderr]   Downloaded android_glue v0.0.2
[INFO] running `Command { std: "docker" "create" "-v" "/var/lib/crater-agent-workspace/builds/worker-7/target:/opt/rustwide/target:rw,Z" "-v" "/var/lib/crater-agent-workspace/builds/worker-7/source:/opt/rustwide/workdir:ro,Z" "-v" "/var/lib/crater-agent-workspace/cargo-home:/opt/rustwide/cargo-home:ro,Z" "-v" "/var/lib/crater-agent-workspace/rustup-home:/opt/rustwide/rustup-home:ro,Z" "-e" "SOURCE_DIR=/opt/rustwide/workdir" "-e" "CARGO_TARGET_DIR=/opt/rustwide/target" "-e" "CARGO_HOME=/opt/rustwide/cargo-home" "-e" "RUSTUP_HOME=/opt/rustwide/rustup-home" "-w" "/opt/rustwide/workdir" "-m" "1610612736" "--user" "0:0" "--network" "none" "ghcr.io/rust-lang/crates-build-env/linux@sha256:20528e8c29e4536546f0102ce88568b16ea7538393a33fcca951030f7af10457" "/opt/rustwide/cargo-home/bin/cargo" "+881c1ac408d93bb7adaa3a51dabab9266e82eee8" "metadata" "--no-deps" "--format-version=1", kill_on_drop: false }`
[INFO] [stdout] a38c6592e42bfac8088b238c4be374df651743677ad48e5ef8b45d439a1f76ef
[INFO] [stderr] WARNING: Your kernel does not support swap limit capabilities or the cgroup is not mounted. Memory limited without swap.
[INFO] running `Command { std: "docker" "start" "-a" "a38c6592e42bfac8088b238c4be374df651743677ad48e5ef8b45d439a1f76ef", kill_on_drop: false }`
[INFO] running `Command { std: "docker" "inspect" "a38c6592e42bfac8088b238c4be374df651743677ad48e5ef8b45d439a1f76ef", kill_on_drop: false }`
[INFO] running `Command { std: "docker" "rm" "-f" "a38c6592e42bfac8088b238c4be374df651743677ad48e5ef8b45d439a1f76ef", kill_on_drop: false }`
[INFO] [stdout] a38c6592e42bfac8088b238c4be374df651743677ad48e5ef8b45d439a1f76ef
[INFO] running `Command { std: "docker" "create" "-v" "/var/lib/crater-agent-workspace/builds/worker-7/target:/opt/rustwide/target:rw,Z" "-v" "/var/lib/crater-agent-workspace/builds/worker-7/source:/opt/rustwide/workdir:ro,Z" "-v" "/var/lib/crater-agent-workspace/cargo-home:/opt/rustwide/cargo-home:ro,Z" "-v" "/var/lib/crater-agent-workspace/rustup-home:/opt/rustwide/rustup-home:ro,Z" "-e" "SOURCE_DIR=/opt/rustwide/workdir" "-e" "CARGO_TARGET_DIR=/opt/rustwide/target" "-e" "CARGO_INCREMENTAL=0" "-e" "RUST_BACKTRACE=full" "-e" "RUSTFLAGS=--cap-lints=forbid" "-e" "CARGO_HOME=/opt/rustwide/cargo-home" "-e" "RUSTUP_HOME=/opt/rustwide/rustup-home" "-w" "/opt/rustwide/workdir" "-m" "1610612736" "--user" "0:0" "--network" "none" "ghcr.io/rust-lang/crates-build-env/linux@sha256:20528e8c29e4536546f0102ce88568b16ea7538393a33fcca951030f7af10457" "/opt/rustwide/cargo-home/bin/cargo" "+881c1ac408d93bb7adaa3a51dabab9266e82eee8" "build" "--frozen" "--message-format=json", kill_on_drop: false }`
[INFO] [stdout] 9ed53c02b8a41134e2e6b6c378a29869cfa486625f64c09c594bfb6e683478a0
[INFO] [stderr] WARNING: Your kernel does not support swap limit capabilities or the cgroup is not mounted. Memory limited without swap.
[INFO] running `Command { std: "docker" "start" "-a" "9ed53c02b8a41134e2e6b6c378a29869cfa486625f64c09c594bfb6e683478a0", kill_on_drop: false }`
[INFO] [stderr]    Compiling libc v0.1.8
[INFO] [stderr]    Compiling bitflags v0.1.1
[INFO] [stderr]    Compiling xml-rs v0.1.25
[INFO] [stderr]    Compiling log v0.3.1
[INFO] [stderr]    Compiling rand v0.3.8
[INFO] [stderr]    Compiling shared_library v0.1.0
[INFO] [stderr]    Compiling dylib v0.0.1
[INFO] [stderr]    Compiling wayland-client v0.1.8
[INFO] [stderr]    Compiling gl_common v0.0.4
[INFO] [stdout] error[E0277]: the size for values of type `Self` cannot be known at compilation time
[INFO] [stdout]   --> /opt/rustwide/cargo-home/registry/src/github.com-1ecc6299db9ec823/xml-rs-0.1.25/src/util.rs:15:33
[INFO] [stdout]    |
[INFO] [stdout] 15 |     fn cloned_pairwise(self) -> ClonedPairwise<Self>;
[INFO] [stdout]    |                                 ^^^^^^^^^^^^^^^^^^^^ doesn't have a size known at compile-time
[INFO] [stdout] ...
[INFO] [stdout] 27 | pub struct ClonedPairwise<I>(I);
[INFO] [stdout]    |                           - required by this bound in `ClonedPairwise`
[INFO] [stdout]    |
[INFO] [stdout] help: you could relax the implicit `Sized` bound on `I` if it were used through indirection like `&I` or `Box<I>`
[INFO] [stdout]   --> /opt/rustwide/cargo-home/registry/src/github.com-1ecc6299db9ec823/xml-rs-0.1.25/src/util.rs:27:27
[INFO] [stdout]    |
[INFO] [stdout] 27 | pub struct ClonedPairwise<I>(I);
[INFO] [stdout]    |                           ^  - ...if indirection were used here: `Box<I>`
[INFO] [stdout]    |                           |
[INFO] [stdout]    |                           this could be changed to `I: ?Sized`...
[INFO] [stdout] help: consider further restricting `Self`
[INFO] [stdout]    |
[INFO] [stdout] 15 |     fn cloned_pairwise(self) -> ClonedPairwise<Self> where Self: Sized;
[INFO] [stdout]    |                                                      ^^^^^^^^^^^^^^^^^
[INFO] [stdout] 
[INFO] [stdout] 
[INFO] [stdout] error: aborting due to previous error
[INFO] [stdout] 
[INFO] [stdout] 
[INFO] [stdout] For more information about this error, try `rustc --explain E0277`.
[INFO] [stdout] 
[INFO] [stderr] error: could not compile `xml-rs`
[INFO] [stderr] 
[INFO] [stderr] To learn more, run the command again with --verbose.
[INFO] [stderr] warning: build failed, waiting for other jobs to finish...
[INFO] [stdout] error[E0517]: attribute should be applied to a struct, enum, or union
[INFO] [stdout]   --> /opt/rustwide/cargo-home/registry/src/github.com-1ecc6299db9ec823/wayland-client-0.1.8/src/ffi/abi.rs:45:8
[INFO] [stdout]    |
[INFO] [stdout] 45 |   #[repr(C)] pub type wl_dispatcher_func_t = extern fn(*const c_void, 
[INFO] [stdout]    |  ________^___-
[INFO] [stdout] 46 | |                                                      *mut c_void,
[INFO] [stdout] 47 | |                                                      uint32_t,
[INFO] [stdout] 48 | |                                                      *const wl_message,
[INFO] [stdout] 49 | |                                                      *mut wl_argument
[INFO] [stdout] 50 | |                                                     );
[INFO] [stdout]    | |______________________________________________________- not a struct, enum, or union
[INFO] [stdout] 
[INFO] [stdout] 
[INFO] [stdout] error[E0517]: attribute should be applied to a struct, enum, or union
[INFO] [stdout]   --> /opt/rustwide/cargo-home/registry/src/github.com-1ecc6299db9ec823/wayland-client-0.1.8/src/ffi/abi.rs:51:8
[INFO] [stdout]    |
[INFO] [stdout] 51 | #[repr(C)] pub type wl_log_func_t = extern fn(_: *const c_char, ...);
[INFO] [stdout]    |        ^   ---------------------------------------------------------- not a struct, enum, or union
[INFO] [stdout] 
[INFO] [stdout] 
[INFO] [stdout] error[E0517]: attribute should be applied to a struct, enum, or union
[INFO] [stdout]   --> /opt/rustwide/cargo-home/registry/src/github.com-1ecc6299db9ec823/wayland-client-0.1.8/src/ffi/abi.rs:53:8
[INFO] [stdout]    |
[INFO] [stdout] 53 | #[repr(C)] pub type wl_fixed_t = int32_t;
[INFO] [stdout]    |        ^   ------------------------------ not a struct, enum, or union
[INFO] [stdout] 
[INFO] [stdout] 
[INFO] [stdout] error[E0277]: the size for values of type `Self` cannot be known at compilation time
[INFO] [stdout]   --> /opt/rustwide/cargo-home/registry/src/github.com-1ecc6299db9ec823/rand-0.3.8/src/distributions/range.rs:83:50
[INFO] [stdout]    |
[INFO] [stdout] 50 | pub struct Range<X> {
[INFO] [stdout]    |                  - required by this bound in `range::Range`
[INFO] [stdout] ...
[INFO] [stdout] 83 |     fn construct_range(low: Self, high: Self) -> Range<Self>;
[INFO] [stdout]    |                                                  ^^^^^^^^^^^ doesn't have a size known at compile-time
[INFO] [stdout]    |
[INFO] [stdout] help: you could relax the implicit `Sized` bound on `X` if it were used through indirection like `&X` or `Box<X>`
[INFO] [stdout]   --> /opt/rustwide/cargo-home/registry/src/github.com-1ecc6299db9ec823/rand-0.3.8/src/distributions/range.rs:50:18
[INFO] [stdout]    |
[INFO] [stdout] 50 | pub struct Range<X> {
[INFO] [stdout]    |                  ^ this could be changed to `X: ?Sized`...
[INFO] [stdout] 51 |     low: X,
[INFO] [stdout]    |          - ...if indirection were used here: `Box<X>`
[INFO] [stdout] 52 |     range: X,
[INFO] [stdout]    |            - ...if indirection were used here: `Box<X>`
[INFO] [stdout] 53 |     accept_zone: X
[INFO] [stdout]    |                  - ...if indirection were used here: `Box<X>`
[INFO] [stdout] help: consider further restricting `Self`
[INFO] [stdout]    |
[INFO] [stdout] 83 |     fn construct_range(low: Self, high: Self) -> Range<Self> where Self: Sized;
[INFO] [stdout]    |                                                              ^^^^^^^^^^^^^^^^^
[INFO] [stdout] 
[INFO] [stdout] 
[INFO] [stdout] error[E0277]: the size for values of type `Self` cannot be known at compilation time
[INFO] [stdout]   --> /opt/rustwide/cargo-home/registry/src/github.com-1ecc6299db9ec823/rand-0.3.8/src/distributions/range.rs:87:32
[INFO] [stdout]    |
[INFO] [stdout] 50 | pub struct Range<X> {
[INFO] [stdout]    |                  - required by this bound in `range::Range`
[INFO] [stdout] ...
[INFO] [stdout] 87 |     fn sample_range<R: Rng>(r: &Range<Self>, rng: &mut R) -> Self;
[INFO] [stdout]    |                                ^^^^^^^^^^^^ doesn't have a size known at compile-time
[INFO] [stdout]    |
[INFO] [stdout] help: you could relax the implicit `Sized` bound on `X` if it were used through indirection like `&X` or `Box<X>`
[INFO] [stdout]   --> /opt/rustwide/cargo-home/registry/src/github.com-1ecc6299db9ec823/rand-0.3.8/src/distributions/range.rs:50:18
[INFO] [stdout]    |
[INFO] [stdout] 50 | pub struct Range<X> {
[INFO] [stdout]    |                  ^ this could be changed to `X: ?Sized`...
[INFO] [stdout] 51 |     low: X,
[INFO] [stdout]    |          - ...if indirection were used here: `Box<X>`
[INFO] [stdout] 52 |     range: X,
[INFO] [stdout]    |            - ...if indirection were used here: `Box<X>`
[INFO] [stdout] 53 |     accept_zone: X
[INFO] [stdout]    |                  - ...if indirection were used here: `Box<X>`
[INFO] [stdout] help: consider further restricting `Self`
[INFO] [stdout]    |
[INFO] [stdout] 87 |     fn sample_range<R: Rng>(r: &Range<Self>, rng: &mut R) -> Self where Self: Sized;
[INFO] [stdout]    |                                                                   ^^^^^^^^^^^^^^^^^
[INFO] [stdout] 
[INFO] [stdout] 
[INFO] [stdout] error: aborting due to 2 previous errors
[INFO] [stdout] 
[INFO] [stdout] 
[INFO] [stdout] For more information about this error, try `rustc --explain E0277`.
[INFO] [stdout] 
[INFO] [stdout] error[E0277]: the size for values of type `Self` cannot be known at compilation time
[INFO] [stdout]    --> /opt/rustwide/cargo-home/registry/src/github.com-1ecc6299db9ec823/wayland-client-0.1.8/src/core/mod.rs:57:26
[INFO] [stdout]     |
[INFO] [stdout] 57  |     fn from(other: T) -> Option<Self>;
[INFO] [stdout]     |                          ^^^^^^^^^^^^ doesn't have a size known at compile-time
[INFO] [stdout]     |
[INFO] [stdout] help: consider further restricting `Self`
[INFO] [stdout]     |
[INFO] [stdout] 57  |     fn from(other: T) -> Option<Self> where Self: Sized;
[INFO] [stdout]     |                                       ^^^^^^^^^^^^^^^^^
[INFO] [stdout] 
[INFO] [stdout] 
[INFO] [stdout] error: aborting due to 4 previous errors
[INFO] [stdout] 
[INFO] [stdout] 
[INFO] [stdout] Some errors have detailed explanations: E0277, E0517.
[INFO] [stdout] 
[INFO] [stdout] For more information about an error, try `rustc --explain E0277`.
[INFO] [stdout] 
[INFO] [stderr] error: build failed
[INFO] running `Command { std: "docker" "inspect" "9ed53c02b8a41134e2e6b6c378a29869cfa486625f64c09c594bfb6e683478a0", kill_on_drop: false }`
[INFO] running `Command { std: "docker" "rm" "-f" "9ed53c02b8a41134e2e6b6c378a29869cfa486625f64c09c594bfb6e683478a0", kill_on_drop: false }`
[INFO] [stdout] 9ed53c02b8a41134e2e6b6c378a29869cfa486625f64c09c594bfb6e683478a0
